e prime factors of 265.
5, 53
What are the prime factors of 91635?
3, 5, 41, 149
List the prime factors of 28956.
2, 3, 19, 127
List the prime factors of 1842.
2, 3, 307
What are the prime factors of 43839?
3, 4871
List the prime factors of 5141.
53, 97
What are the prime factors of 76235?
5, 79, 193
What are the prime factors of 151?
151
List the prime factors of 87259.
71, 1229
List the prime factors of 2613.
3, 13, 67
What are the prime factors of 37079?
7, 5297
What are the prime factors of 5850?
2, 3, 5, 13
What are the prime factors of 9786?
2, 3, 7, 233
List the prime factors of 54975.
3, 5, 733
What are the prime factors of 1461?
3, 487
What are the prime factors of 14252?
2, 7, 509
What are the prime factors of 19513?
13, 19, 79
List the prime factors of 28003.
41, 683
List the prime factors of 1570.
2, 5, 157
What are the prime factors of 1286?
2, 643
What are the prime factors of 855?
3, 5, 19
List the prime factors of 9482.
2, 11, 431
What are the prime factors of 755?
5, 151
List the prime factors of 32677.
41, 797
List the prime factors of 2679.
3, 19, 47
What are the prime factors of 3511?
3511
List the prime factors of 8993.
17, 23
What are the prime factors of 26968?
2, 3371
List the prime factors of 7261.
53, 137
What are the prime factors of 18527?
97, 191
What are the prime factors of 1591?
37, 43
List the prime factors of 27127.
27127
What are the prime factors of 12140?
2, 5, 607
What are the prime factors of 100035?
3, 5, 13, 19
List the prime factors of 23442.
2, 3, 3907
What are the prime factors of 575?
5, 23
What are the prime factors of 68014?
2, 31, 1097
List the prime factors of 155.
5, 31
What are the prime factors of 5065?
5, 1013
List the prime factors of 1642.
2, 821
What are the prime factors of 1974?
2, 3, 7, 47
What are the prime factors of 31981?
31981
What are the prime factors of 1781?
13, 137
List the prime factors of 5753.
11, 523
What are the prime factors of 35882?
2, 7, 11, 233
List the prime factors of 35755.
5, 7151
What are the prime factors of 3970?
2, 5, 397
What are the prime factors of 19072?
2, 149
List the prime factors of 2175.
3, 5, 29
What are the prime factors of 965?
5, 193
List the prime factors of 1858.
2, 929
List the prime factors of 193359.
3, 64453
List the prime factors of 1022.
2, 7, 73
What are the prime factors of 1475?
5, 59
What are the prime factors of 13951?
7, 1993
What are the prime factors of 5533?
11, 503
List the prime factors of 35474.
2, 17737
List the prime factors of 8885.
5, 1777
List the prime factors of 1788.
2, 3, 149
What are the prime factors of 2239?
2239
What are the prime factors of 6769?
7, 967
What are the prime factors of 9616?
2, 601
What are the prime factors of 8728?
2, 1091
List the prime factors of 9770.
2, 5, 977
List the prime factors of 5504.
2, 43
List the prime factors of 1113.
3, 7, 53
What are the prime factors of 116947?
83, 1409
List the prime factors of 2427.
3, 809
What are the prime factors of 2100?
2, 3, 5, 7
List the prime factors of 30499.
7, 4357
What are the prime factors of 2620?
2, 5, 131
List the prime factors of 1064.
2, 7, 19
What are the prime factors of 3960?
2, 3, 5, 11
List the prime factors of 393.
3, 131
What are the prime factors of 1848?
2, 3, 7, 11
List the prime factors of 3255.
3, 5, 7, 31
What are the prime factors of 189?
3, 7
What are the prime factors of 1960?
2, 5, 7
List the prime factors of 109450.
2, 5, 11, 199
List the prime factors of 1647.
3, 61
List the prime factors of 314.
2, 157
What are the prime factors of 18871?
113, 167
What are the prime factors of 4?
2
List the prime factors of 19383.
3, 7, 13, 71
List the prime factors of 15747.
3, 29, 181
List the prime factors of 1722.
2, 3, 7, 41
What are the prime factors of 1487?
1487
List the prime factors of 1288.
2, 7, 23
List the prime factors of 2105.
5, 421
What are the prime factors of 1612?
2, 13, 31
What are the prime factors of 1581?
3, 17, 31
List the prime factors of 99892.
2, 13, 17, 113
What are the prime factors of 3729?
3, 11, 113
What are the prime factors of 4891?
67, 73
List the prime factors of 12938.
2, 6469
List the prime factors of 27926.
2, 13963
List the prime factors of 1002.
2, 3, 167
List the prime factors of 4502.
2, 2251
What are the prime factors of 12738?
2, 3, 11, 193
What are the prime factors of 346?
2, 173
What are the prime factors of 34643?
7, 101
List the prime factors of 9627.
3, 3209
What are the prime factors of 3035?
5, 607
What are the prime factors of 1872?
2, 3, 13
List the prime factors of 28539.
3, 7, 151
What are the prime factors of 5004?
2, 3, 139
What are the prime factors of 1042?
2, 521
List the prime factors of 1310.
2, 5, 131
List the prime factors of 7405.
5, 1481
What are the prime factors of 21242?
2, 13, 19, 43
List the prime factors of 56822.
2, 28411
List the prime factors of 82055.
5, 16411
What are the prime factors of 1529?
11, 139
List the prime factors of 205.
5, 41
What are the prime factors of 127674?
2, 3, 41, 173
List the prime factors of 2016.
2, 3, 7
What are the prime factors of 821?
821
What are the prime factors of 11736?
2, 3, 163
What are the prime factors of 1706?
2, 853
List the prime factors of 773.
773
What are the prime factors of 9461?
9461
What are the prime factors of 1858?
2, 929
List the prime factors of 80782.
2, 13, 239
What are the prime factors of 171?
3, 19
List the prime factors of 6344.
2, 13, 61
What are the prime factors of 4121?
13, 317
What are the prime factors of 56274?
2, 3, 83, 113
What are the prime factors of 23042?
2, 41, 281
What are the prime factors of 16785?
3, 5, 373
List the prime factors of 825.
3, 5, 11
What are the prime factors of 10682?
2, 7, 109
What are the prime factors of 263?
263
What are the prime factors of 15090?
2, 3, 5, 503
What are the prime factors of 71798?
2, 35899
List the prime factors of 1341.
3, 149
List the prime factors of 35344.
2, 47
What are the prime factors of 121688?
2, 7, 41, 53
List the prime factors of 2186.
2, 1093
What are the prime factors of 4362?
2, 3, 727
What are the prime factors of 15827?
7, 17, 19
What are the prime factors of 437?
19, 23
What are the prime factors of 783?
3, 29
What are the prime factors of 21029?
17, 1237
What are the prime factors of 1503?
3, 167
List the prime factors of 11182.
2, 5591
What are the prime factors of 132?
2, 3, 11
List the prime factors of 1387.
19, 73
What are the prime factors of 47797?
47797
What are the prime factors of 853?
853
What are the prime factors of 13478?
2, 23, 293
List the prime factors of 310.
2, 5, 31
List the prime factors of 8052.
2, 3, 11, 61
What are the prime factors of 923?
13, 71
List the prime factors of 508.
2, 127
What are the prime factors of 1017?
3, 113
What are the prime factors of 152262?
2, 3, 11, 769
What are the prime factors of 26782?
2, 7, 1913
What are the prime factors of 15544?
2, 29, 67
What are the prime factors of 1448?
2, 181
List the prime factors of 54.
2, 3
List the prime factors of 167.
167
List the prime factors of 1377.
3, 17
What are the prime factors of 2104?
2, 263
What are the prime factors of 20509?
20509
List the prime factors of 350.
2, 5, 7
List the prime factors of 52453.
52453
List the prime factors of 1830.
2, 3, 5, 61
List the prime factors of 1926.
2, 3, 107
What are the prime factors of 1617?
3, 7, 11
List the prime factors of 1800.
2, 3, 5
What are the prime factors of 408?
2, 3, 17
List the prime factors of 1024.
2
List the prime factors of 6877.
13, 23
What are the prime factors of 846?
2, 3, 47
List the prime factors of 1726.
2, 863
What are the prime factors of 47?
47
List the prime factors of 3178.
2, 7, 227
What are the prime factors of 851?
23, 37
List the prime factors of 1640.
2, 5, 41
List the prime factors of 12239.
12239
List the prime factors of 982.
2, 491
List the prime factors of 8972.
2, 2243
What are the prime factors of 3176?
2, 397
What are the prime factors of 944?
2, 59
What are the prime factors of 44157?
3, 41, 359
What are the prime factors of 124?
2, 31
What are the prime factors of 10685?
5, 2137
What are the prime factors of 8059?
8059
List the prime factors of 93.
3, 31
List the prime factors of 365.
5, 73
What are the prime factors of 736?
2, 23
List the prime factor